{"id":869,"date":"2022-07-19T10:38:19","date_gmt":"2022-07-19T10:38:19","guid":{"rendered":"https:\/\/www.pilargornes.com\/?page_id=869"},"modified":"2025-08-13T08:10:59","modified_gmt":"2025-08-13T08:10:59","slug":"contacte","status":"publish","type":"page","link":"https:\/\/www.pilargornes.com\/es\/contacte\/","title":{"rendered":""},"content":{"rendered":"<div class=\"wp-container-5 wp-block-columns alignwide\">\n<div class=\"wp-container-1 wp-block-column is-vertically-aligned-top\" style=\"flex-basis:40%\">\n<h6 class=\"has-primary-color has-text-color\" style=\"font-size:48px\">\u00bfqu\u00e9 necesitas?<\/h6>\n<\/div>\n\n\n\n<div class=\"wp-container-4 wp-block-column\" style=\"flex-basis:66.66%\">\n<div class=\"wp-container-2 is-vertical wp-block-group\">\n<p>Antes de volver a Menorca, gan\u00e9 experiencia durante 3 a\u00f1os en Barcelona, \u200b\u200btrabajando <strong>proyectos de viviendas plurifamiliares, centros educativos, rehabilitaci\u00f3n y equipamientos p\u00fablicos<\/strong>.<\/p>\n\n\n\n<p class=\"has-text-align-left has-normal-font-size\">Tambi\u00e9n realizamos trabajos de <strong>georeferenciaci\u00f3n, certificaciones, inspecciones ITE y levantamientos<\/strong>. Posa&#8217;t en con contacte per qualsevol dubte i per sol\u00b7licitar pressuposts del projecte.<\/p>\n\n\n\n<p class=\"has-normal-font-size\">Per a reunions i trobades presencials ens pots trobar a Ciutadella de Menorca. Per m\u00e9s informaci\u00f3 ens pots contactar aqu\u00ed:<\/p>\n<\/div>\n\n\n\n<div class=\"wp-container-3 is-horizontal is-content-justification-space-between is-nowrap wp-block-buttons\">\n<div class=\"wp-block-button has-custom-width wp-block-button__width-50 has-custom-font-size is-style-outline has-normal-font-size\"><a class=\"wp-block-button__link has-primary-color has-text-color\" href=\"mailto:pilargornes@gmail.com\" style=\"border-radius:100px\"><strong>e-mail<\/strong><\/a><\/div>\n\n\n\n<div class=\"wp-block-button has-custom-width wp-block-button__width-50 has-custom-font-size is-style-outline has-normal-font-size\"><a class=\"wp-block-button__link has-primary-color has-text-color\" href=\"https:\/\/wa.me\/034696246600\" style=\"border-radius:100px\">whatsapp<\/a><\/div>\n<\/div>\n<\/div>\n<\/div>\n\n\n\n<p><\/p>","protected":false},"excerpt":{"rendered":"<p>qu\u00e8 necessites? Abans de tornar a Menorca, vaig guanyar experi\u00e8ncia durant 3 anys a Barcelona, treballant projectes d&#8217;habitatges plurifamiliars, centres educatius, rehabilitaci\u00f3 i equipaments p\u00fablics. Tamb\u00e9 realitzem feines&hellip;<\/p>","protected":false},"author":2,"featured_media":0,"parent":0,"menu_order":0,"comment_status":"closed","ping_status":"closed","template":"","meta":[],"yoast_head":"<!-- This site is optimized with the Yoast SEO plugin v19.3 - https:\/\/yoast.com\/wordpress\/plugins\/seo\/ -->\n<title>Contacte - Pilar Gorn\u00e9s Arquitectura<\/title>\n<meta name=\"robots\" content=\"index, follow, max-snippet:-1, max-image-preview:large, max-video-preview:-1\" \/>\n<link rel=\"canonical\" href=\"https:\/\/www.pilargornes.com\/es\/contacte\/\" \/>\n<meta property=\"og:locale\" content=\"es_ES\" \/>\n<meta property=\"og:type\" content=\"article\" \/>\n<meta property=\"og:title\" content=\"Contacte - Pilar Gorn\u00e9s Arquitectura\" \/>\n<meta property=\"og:description\" content=\"qu\u00e8 necessites? Abans de tornar a Menorca, vaig guanyar experi\u00e8ncia durant 3 anys a Barcelona, treballant projectes d&#8217;habitatges plurifamiliars, centres educatius, rehabilitaci\u00f3 i equipaments p\u00fablics. Tamb\u00e9 realitzem feines&hellip;\" \/>\n<meta property=\"og:url\" content=\"https:\/\/www.pilargornes.com\/es\/contacte\/\" \/>\n<meta property=\"og:site_name\" content=\"Pilar Gorn\u00e9s Arquitectura\" \/>\n<meta property=\"article:modified_time\" content=\"2025-08-13T08:10:59+00:00\" \/>\n<meta name=\"twitter:card\" content=\"summary_large_image\" \/>\n<meta name=\"twitter:label1\" content=\"Tiempo de lectura\" \/>\n\t<meta name=\"twitter:data1\" content=\"1 minuto\" \/>\n<script type=\"application\/ld+json\" class=\"yoast-schema-graph\">{\"@context\":\"https:\/\/schema.org\",\"@graph\":[{\"@type\":\"Organization\",\"@id\":\"https:\/\/www.pilargornes.com\/#organization\",\"name\":\"Pilar Gornes Arquitectura Menorca\",\"url\":\"https:\/\/www.pilargornes.com\/\",\"sameAs\":[],\"logo\":{\"@type\":\"ImageObject\",\"inLanguage\":\"es\",\"@id\":\"https:\/\/www.pilargornes.com\/#\/schema\/logo\/image\/\",\"url\":\"https:\/\/www.pilargornes.com\/wp-content\/uploads\/2022\/07\/cropped-cropped-pilargornes-1.png\",\"contentUrl\":\"https:\/\/www.pilargornes.com\/wp-content\/uploads\/2022\/07\/cropped-cropped-pilargornes-1.png\",\"width\":2238,\"height\":709,\"caption\":\"Pilar Gornes Arquitectura Menorca\"},\"image\":{\"@id\":\"https:\/\/www.pilargornes.com\/#\/schema\/logo\/image\/\"}},{\"@type\":\"WebSite\",\"@id\":\"https:\/\/www.pilargornes.com\/#website\",\"url\":\"https:\/\/www.pilargornes.com\/\",\"name\":\"Pilar Gorn\u00e9s Arquitectura\",\"description\":\"Arquitectura Ciutadella de Menorca\",\"publisher\":{\"@id\":\"https:\/\/www.pilargornes.com\/#organization\"},\"potentialAction\":[{\"@type\":\"SearchAction\",\"target\":{\"@type\":\"EntryPoint\",\"urlTemplate\":\"https:\/\/www.pilargornes.com\/?s={search_term_string}\"},\"query-input\":\"required name=search_term_string\"}],\"inLanguage\":\"es\"},{\"@type\":\"WebPage\",\"@id\":\"https:\/\/www.pilargornes.com\/contacte\/\",\"url\":\"https:\/\/www.pilargornes.com\/contacte\/\",\"name\":\"Contacte - Pilar Gorn\u00e9s Arquitectura\",\"isPartOf\":{\"@id\":\"https:\/\/www.pilargornes.com\/#website\"},\"primaryImageOfPage\":{\"@id\":\"https:\/\/www.pilargornes.com\/contacte\/#primaryimage\"},\"datePublished\":\"2022-07-19T10:38:19+00:00\",\"dateModified\":\"2025-08-13T08:10:59+00:00\",\"breadcrumb\":{\"@id\":\"https:\/\/www.pilargornes.com\/contacte\/#breadcrumb\"},\"inLanguage\":\"es\",\"potentialAction\":[{\"@type\":\"ReadAction\",\"target\":[\"https:\/\/www.pilargornes.com\/contacte\/\"]}]},{\"@type\":\"BreadcrumbList\",\"@id\":\"https:\/\/www.pilargornes.com\/contacte\/#breadcrumb\",\"itemListElement\":[{\"@type\":\"ListItem\",\"position\":1,\"name\":\"Portada\",\"item\":\"https:\/\/www.pilargornes.com\/\"},{\"@type\":\"ListItem\",\"position\":2,\"name\":\"\"}]}]}<\/script>\n<!-- \/ Yoast SEO plugin. -->","yoast_head_json":{"title":"Contacte - Pilar Gorn\u00e9s Arquitectura","robots":{"index":"index","follow":"follow","max-snippet":"max-snippet:-1","max-image-preview":"max-image-preview:large","max-video-preview":"max-video-preview:-1"},"canonical":"https:\/\/www.pilargornes.com\/es\/contacte\/","og_locale":"es_ES","og_type":"article","og_title":"Contacte - Pilar Gorn\u00e9s Arquitectura","og_description":"qu\u00e8 necessites? Abans de tornar a Menorca, vaig guanyar experi\u00e8ncia durant 3 anys a Barcelona, treballant projectes d&#8217;habitatges plurifamiliars, centres educatius, rehabilitaci\u00f3 i equipaments p\u00fablics. Tamb\u00e9 realitzem feines&hellip;","og_url":"https:\/\/www.pilargornes.com\/es\/contacte\/","og_site_name":"Pilar Gorn\u00e9s Arquitectura","article_modified_time":"2025-08-13T08:10:59+00:00","twitter_card":"summary_large_image","twitter_misc":{"Tiempo de lectura":"1 minuto"},"schema":{"@context":"https:\/\/schema.org","@graph":[{"@type":"Organization","@id":"https:\/\/www.pilargornes.com\/#organization","name":"Pilar Gornes Arquitectura Menorca","url":"https:\/\/www.pilargornes.com\/","sameAs":[],"logo":{"@type":"ImageObject","inLanguage":"es","@id":"https:\/\/www.pilargornes.com\/#\/schema\/logo\/image\/","url":"https:\/\/www.pilargornes.com\/wp-content\/uploads\/2022\/07\/cropped-cropped-pilargornes-1.png","contentUrl":"https:\/\/www.pilargornes.com\/wp-content\/uploads\/2022\/07\/cropped-cropped-pilargornes-1.png","width":2238,"height":709,"caption":"Pilar Gornes Arquitectura Menorca"},"image":{"@id":"https:\/\/www.pilargornes.com\/#\/schema\/logo\/image\/"}},{"@type":"WebSite","@id":"https:\/\/www.pilargornes.com\/#website","url":"https:\/\/www.pilargornes.com\/","name":"Pilar Gorn\u00e9s Arquitectura","description":"Arquitectura Ciutadella de Menorca","publisher":{"@id":"https:\/\/www.pilargornes.com\/#organization"},"potentialAction":[{"@type":"SearchAction","target":{"@type":"EntryPoint","urlTemplate":"https:\/\/www.pilargornes.com\/?s={search_term_string}"},"query-input":"required name=search_term_string"}],"inLanguage":"es"},{"@type":"WebPage","@id":"https:\/\/www.pilargornes.com\/contacte\/","url":"https:\/\/www.pilargornes.com\/contacte\/","name":"Contacte - Pilar Gorn\u00e9s Arquitectura","isPartOf":{"@id":"https:\/\/www.pilargornes.com\/#website"},"primaryImageOfPage":{"@id":"https:\/\/www.pilargornes.com\/contacte\/#primaryimage"},"datePublished":"2022-07-19T10:38:19+00:00","dateModified":"2025-08-13T08:10:59+00:00","breadcrumb":{"@id":"https:\/\/www.pilargornes.com\/contacte\/#breadcrumb"},"inLanguage":"es","potentialAction":[{"@type":"ReadAction","target":["https:\/\/www.pilargornes.com\/contacte\/"]}]},{"@type":"BreadcrumbList","@id":"https:\/\/www.pilargornes.com\/contacte\/#breadcrumb","itemListElement":[{"@type":"ListItem","position":1,"name":"Portada","item":"https:\/\/www.pilargornes.com\/"},{"@type":"ListItem","position":2,"name":""}]}]}},"_links":{"self":[{"href":"https:\/\/www.pilargornes.com\/es\/wp-json\/wp\/v2\/pages\/869"}],"collection":[{"href":"https:\/\/www.pilargornes.com\/es\/wp-json\/wp\/v2\/pages"}],"about":[{"href":"https:\/\/www.pilargornes.com\/es\/wp-json\/wp\/v2\/types\/page"}],"author":[{"embeddable":true,"href":"https:\/\/www.pilargornes.com\/es\/wp-json\/wp\/v2\/users\/2"}],"replies":[{"embeddable":true,"href":"https:\/\/www.pilargornes.com\/es\/wp-json\/wp\/v2\/comments?post=869"}],"version-history":[{"count":12,"href":"https:\/\/www.pilargornes.com\/es\/wp-json\/wp\/v2\/pages\/869\/revisions"}],"predecessor-version":[{"id":1212,"href":"https:\/\/www.pilargornes.com\/es\/wp-json\/wp\/v2\/pages\/869\/revisions\/1212"}],"wp:attachment":[{"href":"https:\/\/www.pilargornes.com\/es\/wp-json\/wp\/v2\/media?parent=869"}],"curies":[{"name":"wp","href":"https:\/\/api.w.org\/{rel}","templated":true}]}}

<div class="wp-container-5 wp-block-columns alignwide">
<div class="wp-container-1 wp-block-column is-vertically-aligned-top" style="flex-basis:40%">
<h6 class="has-primary-color has-text-color" style="font-size:48px">¿qué necesitas?</h6>
</div>



<div class="wp-container-4 wp-block-column" style="flex-basis:66.66%">
<div class="wp-container-2 is-vertical wp-block-group">
<p>Antes de volver a Menorca, gané experiencia durante 3 años en Barcelona, ​​trabajando <strong>proyectos de viviendas plurifamiliares, centros educativos, rehabilitación y equipamientos públicos</strong>.</p>



<p class="has-text-align-left has-normal-font-size">También realizamos trabajos de <strong>georeferenciación, certificaciones, inspecciones ITE y levantamientos</strong>. Posa&#8217;t en con contacte per qualsevol dubte i per sol·licitar pressuposts del projecte.</p>



<p class="has-normal-font-size">Per a reunions i trobades presencials ens pots trobar a Ciutadella de Menorca. Per més informació ens pots contactar aquí:</p>
</div>



<div class="wp-container-3 is-horizontal is-content-justification-space-between is-nowrap wp-block-buttons">
<div class="wp-block-button has-custom-width wp-block-button__width-50 has-custom-font-size is-style-outline has-normal-font-size"><a class="wp-block-button__link has-primary-color has-text-color" href="mailto:pilargornes@gmail.com" style="border-radius:100px"><strong>e-mail</strong></a></div>



<div class="wp-block-button has-custom-width wp-block-button__width-50 has-custom-font-size is-style-outline has-normal-font-size"><a class="wp-block-button__link has-primary-color has-text-color" href="https://wa.me/034696246600" style="border-radius:100px">whatsapp</a></div>
</div>
</div>
</div>



<p></p>

<p>què necessites? Abans de tornar a Menorca, vaig guanyar experiència durant 3 anys a Barcelona, treballant projectes d&#8217;habitatges plurifamiliars, centres educatius, rehabilitació i equipaments públics. També realitzem feines&hellip;</p>

<!-- This site is optimized with the Yoast SEO plugin v19.3 - https://yoast.com/wordpress/plugins/seo/ -->
<title>Contacte - Pilar Gornés Arquitectura</title>
<meta name="robots" content="index, follow, max-snippet:-1, max-image-preview:large, max-video-preview:-1" />
<link rel="canonical" href="https://www.pilargornes.com/es/contacte/" />
<meta property="og:locale" content="es_ES" />
<meta property="og:type" content="article" />
<meta property="og:title" content="Contacte - Pilar Gornés Arquitectura" />
<meta property="og:description" content="què necessites? Abans de tornar a Menorca, vaig guanyar experiència durant 3 anys a Barcelona, treballant projectes d&#8217;habitatges plurifamiliars, centres educatius, rehabilitació i equipaments públics. També realitzem feines&hellip;" />
<meta property="og:url" content="https://www.pilargornes.com/es/contacte/" />
<meta property="og:site_name" content="Pilar Gornés Arquitectura" />
<meta property="article:modified_time" content="2025-08-13T08:10:59+00:00" />
<meta name="twitter:card" content="summary_large_image" />
<meta name="twitter:label1" content="Tiempo de lectura" />
	<meta name="twitter:data1" content="1 minuto" />
<script type="application/ld+json" class="yoast-schema-graph">{"@context":"https://schema.org","@graph":[{"@type":"Organization","@id":"https://www.pilargornes.com/#organization","name":"Pilar Gornes Arquitectura Menorca","url":"https://www.pilargornes.com/","sameAs":[],"logo":{"@type":"ImageObject","inLanguage":"es","@id":"https://www.pilargornes.com/#/schema/logo/image/","url":"https://www.pilargornes.com/wp-content/uploads/2022/07/cropped-cropped-pilargornes-1.png","contentUrl":"https://www.pilargornes.com/wp-content/uploads/2022/07/cropped-cropped-pilargornes-1.png","width":2238,"height":709,"caption":"Pilar Gornes Arquitectura Menorca"},"image":{"@id":"https://www.pilargornes.com/#/schema/logo/image/"}},{"@type":"WebSite","@id":"https://www.pilargornes.com/#website","url":"https://www.pilargornes.com/","name":"Pilar Gornés Arquitectura","description":"Arquitectura Ciutadella de Menorca","publisher":{"@id":"https://www.pilargornes.com/#organization"},"potentialAction":[{"@type":"SearchAction","target":{"@type":"EntryPoint","urlTemplate":"https://www.pilargornes.com/?s={search_term_string}"},"query-input":"required name=search_term_string"}],"inLanguage":"es"},{"@type":"WebPage","@id":"https://www.pilargornes.com/contacte/","url":"https://www.pilargornes.com/contacte/","name":"Contacte - Pilar Gornés Arquitectura","isPartOf":{"@id":"https://www.pilargornes.com/#website"},"primaryImageOfPage":{"@id":"https://www.pilargornes.com/contacte/#primaryimage"},"datePublished":"2022-07-19T10:38:19+00:00","dateModified":"2025-08-13T08:10:59+00:00","breadcrumb":{"@id":"https://www.pilargornes.com/contacte/#breadcrumb"},"inLanguage":"es","potentialAction":[{"@type":"ReadAction","target":["https://www.pilargornes.com/contacte/"]}]},{"@type":"BreadcrumbList","@id":"https://www.pilargornes.com/contacte/#breadcrumb","itemListElement":[{"@type":"ListItem","position":1,"name":"Portada","item":"https://www.pilargornes.com/"},{"@type":"ListItem","position":2,"name":""}]}]}</script>
<!-- / Yoast SEO plugin. -->

Contacte - Pilar Gornés Arquitectura

què necessites? Abans de tornar a Menorca, vaig guanyar experiència durant 3 anys a Barcelona, treballant projectes d&#8217;habitatges plurifamiliars, centres educatius, rehabilitació i equipaments públics. També realitzem feines&hellip;

Pilar Gornés Arquitectura
